{"id":611,"date":"2015-10-10T22:46:47","date_gmt":"2015-10-11T03:46:47","guid":{"rendered":"http:\/\/www.buscafuska.org\/?page_id=611"},"modified":"2015-10-10T22:46:47","modified_gmt":"2015-10-11T03:46:47","slug":"gracias-por-tu-donativo","status":"publish","type":"page","link":"http:\/\/buscafuska.org\/?page_id=611","title":{"rendered":"Gracias por tu donativo!"},"content":{"rendered":"<p><a href=\"http:\/\/buscafuska.org\/wp-content\/uploads\/sites\/5\/2015\/10\/dar-la-pata.jpg\"><img fetchpriority=\"high\" decoding=\"async\" class=\"aligncenter size-medium wp-image-612\" src=\"http:\/\/www.buscafuska.org\/wp-content\/uploads\/2015\/10\/dar-la-pata-300x235.jpg\" alt=\"dar-la-pata\" width=\"300\" height=\"235\" srcset=\"http:\/\/buscafuska.org\/wp-content\/uploads\/sites\/5\/2015\/10\/dar-la-pata-300x235.jpg 300w, http:\/\/buscafuska.org\/wp-content\/uploads\/sites\/5\/2015\/10\/dar-la-pata.jpg 550w\" sizes=\"(max-width: 300px) 100vw, 300px\" \/><\/a><\/p>\n<p>Gracias por sumarte en contra del maltrato animal, con tu donativo podremos continuar ayudando a miles de animales a encontrar un hogar para siempre.<\/p>\n<p>Tu contribuci\u00f3n hace una gran diferencia en las vidas de estos animales, Fundaci\u00f3n BuscaFuska A.C. dedica el 100% de tu donaci\u00f3n a ayudar directamente a los animales y no usamos tu donativo para mantener los gastos administrativos de la fundaci\u00f3n, contamos con otros recursos que destinamos a cubrir nuestros gastos operativos.<\/p>\n<p>Tus donaciones\u00a0son deducibles de impuestos, por lo que si requieres que te enviemos un recibo por tu donaci\u00f3n, por favor env\u00edanos una copia de tu pago (paypal o banco) junto con tus datos fiscales a: donativos@buscafuska.com<\/p>\n<p>&nbsp;<\/p>\n<p>&nbsp;<\/p>\n<p><!-- Google Code for MX-Donaciones Conversion Page --><br \/>\n\/\/<br \/>\n\/\/ <\/p>\n<div style=\"display:inline\">\n<img decoding=\"async\" height=\"1\" width=\"1\" style=\"border-style:none\" alt=\"\" src=\"\/\/www.googleadservices.com\/pagead\/conversion\/936034774\/?label=Ejg9CKqkq2AQ1oOrvgM&amp;guid=ON&amp;script=0\" \/><\/div>\n","protected":false},"excerpt":{"rendered":"<p>Gracias por sumarte en contra del maltrato animal, con tu donativo podremos continuar ayudando a miles de animales a encontrar un hogar para siempre. Tu contribuci\u00f3n hace una gran diferencia en las vidas de estos animales, Fundaci\u00f3n BuscaFuska A.C. dedica el 100% de tu donaci\u00f3n a ayudar directamente a los animales y no usamos tu [&hellip;]<\/p>\n","protected":false},"author":7,"featured_media":0,"parent":0,"menu_order":0,"comment_status":"closed","ping_status":"closed","template":"","meta":{"footnotes":""},"class_list":["post-611","page","type-page","status-publish","hentry"],"_links":{"self":[{"href":"http:\/\/buscafuska.org\/index.php?rest_route=\/wp\/v2\/pages\/611","targetHints":{"allow":["GET"]}}],"collection":[{"href":"http:\/\/buscafuska.org\/index.php?rest_route=\/wp\/v2\/pages"}],"about":[{"href":"http:\/\/buscafuska.org\/index.php?rest_route=\/wp\/v2\/types\/page"}],"author":[{"embeddable":true,"href":"http:\/\/buscafuska.org\/index.php?rest_route=\/wp\/v2\/users\/7"}],"replies":[{"embeddable":true,"href":"http:\/\/buscafuska.org\/index.php?rest_route=%2Fwp%2Fv2%2Fcomments&post=611"}],"version-history":[{"count":0,"href":"http:\/\/buscafuska.org\/index.php?rest_route=\/wp\/v2\/pages\/611\/revisions"}],"wp:attachment":[{"href":"http:\/\/buscafuska.org\/index.php?rest_route=%2Fwp%2Fv2%2Fmedia&parent=611"}],"curies":[{"name":"wp","href":"https:\/\/api.w.org\/{rel}","templated":true}]}}